{"id":1067,"date":"2016-03-11T21:09:40","date_gmt":"2016-03-11T20:09:40","guid":{"rendered":"http:\/\/wildrovers.reclamemachine.nl\/?page_id=1067"},"modified":"2025-10-01T14:00:21","modified_gmt":"2025-10-01T12:00:21","slug":"wie-zijn-wij","status":"publish","type":"page","link":"https:\/\/www.wildrovers.nl\/index.php\/wie-zijn-wij\/","title":{"rendered":"Wie zijn wij"},"content":{"rendered":"<h1>WIE ZIJN WIJ<\/h1>\n<hr \/>\n<p><strong>DRC The Wild Rovers<\/strong> is in 1983 opgericht en telt momenteel bijna 100 actief spelende leden. Daarnaast is er nog een groepje veteranen dat 1x per maand traint en af en toe een veteranenwedstrijd speelt. We spelen en trainen op Sportpark de Bezelhorst te Doetinchem, alwaar we de beschikking hebben over \u00e9\u00e9n speelveld, een mooi clubhuis (m\u00e9t overdekt terras aan de rand van het veld) en twee kleedkamers.<br \/>\nNaast twee seniorenteams hebben we een volwaardige jeugdafdeling. De jeugd speelt in clusterteams met clubs uit de regio. Jongens en meiden vanaf 8 jaar zijn bij ons van harte welkom! Jeugd en senioren trainen op dinsdag- en donderdagavond. De touch rugbyers trainen op woensdagavond. <span style=\"color: #3dad48;\"><a style=\"color: #3dad48;\" href=\"https:\/\/www.sportkaart.nl\/rugby\/dtrc-wild-rovers\/\" target=\"_blank\" rel=\"noopener noreferrer\">Sportkaarthouders<\/a><\/span> zijn van harte welkom bij de trainingen.<\/p>\n<p>Naast de trainingen en wedstrijden organiseert The Wild Rovers vele extra activiteiten zoals de Highland Games en de seizoensafsluiting. Jaarlijks staat een rugbytrip naar het buitenland op het programma.<br \/>\nEen andere traditie is het weekendje Ameland in juni, hier wordt ieder jaar een groot beachrugbytoernooi georganiseerd. Ook hier gaan sportiviteit en gezelligheid hand in hand. Voor de jeugd staat onder meer het Hoek van Holland beachrugbytoernooi jaarlijks op de agenda.<br \/>\nOnze clubkleuren zijn groen en geel. Alle teams spelen in teamkits, in het clubhuis zijn bitjes, stropdassen en sokken verkrijgbaar. Zie ook onze <span style=\"color: #3dad48;\"><a style=\"color: #3dad48;\" href=\"https:\/\/canterbury.nl\/en\/club-shops\/netherlands\/wild-rovers-rugby-club-doetinchem\" target=\"_blank\" rel=\"noopener noreferrer\">clubshop bij Canterbury<\/a><\/span> waar hoodies, caps, rugbybroekjes en dergelijke met clublogo online besteld kunnen worden.<\/p>\n<p><strong>D<\/strong><strong>RC The Wild Rovers<\/strong> is een geweldige club om lid van te zijn!<\/p>\n<p>Ben je ge\u00efnteresseerd geraakt in rugby en kun jij je vinden in de kernwaarden Respect, Discipline en Kameraadschap; aarzel dan niet om contact met ons op te nemen, door middel van een mailtje naar <span style=\"color: #3dad48;\"><a style=\"color: #3dad48;\" href=\"mailto:info@wildrovers.nl\">info@wildrovers.nl<\/a><\/span> of door te bellen. Iedereen is van harte welkom. Iedere nieuweling kan altijd een maandje gratis meetrainen om kennis te maken met onze fantastische sport!<\/p>\n<p>Graag tot ziens,<br \/>\n<em>Bestuur DRC The Wild Rovers<\/em><\/p>\n","protected":false},"excerpt":{"rendered":"<p>WIE ZIJN WIJ DRC The Wild Rovers is in 1983 opgericht en telt momenteel bijna 100 actief spelende leden. Daarnaast is er nog een groepje veteranen dat 1x per maand traint en af en toe een veteranenwedstrijd speelt. We spelen en trainen op Sportpark de Bezelhorst te Doetinchem, alwaar we de beschikking hebben over \u00e9\u00e9n speelveld, een mooi clubhuis (m\u00e9t overdekt terras aan de rand van het veld) en twee kleedkamers. Naast twee seniorenteams hebben we een volwaardige jeugdafdeling. De jeugd speelt in clusterteams met clubs uit de regio. Jongens en meiden vanaf 8 jaar zijn bij ons van harte welkom! Jeugd en senioren trainen op dinsdag- en donderdagavond. De touch rugbyers trainen op woensdagavond. Sportkaarthouders zijn van harte welkom bij de trainingen. Naast de trainingen en wedstrijden organiseert The Wild Rovers vele extra activiteiten zoals de Highland Games en de seizoensafsluiting. Jaarlijks staat een rugbytrip naar het buitenland op het programma. Een andere traditie is het weekendje Ameland in juni, hier wordt ieder jaar een groot beachrugbytoernooi georganiseerd. Ook hier gaan sportiviteit en gezelligheid hand in hand. Voor de jeugd staat onder meer het Hoek van Holland beachrugbytoernooi jaarlijks op de agenda. Onze clubkleuren zijn groen en geel. Alle&#8230;.<\/p>\n","protected":false},"author":1,"featured_media":0,"parent":0,"menu_order":0,"comment_status":"closed","ping_status":"closed","template":"","meta":{"footnotes":""},"yoast_head":"<!-- This site is optimized with the Yoast SEO plugin v21.5 - https:\/\/yoast.com\/wordpress\/plugins\/seo\/ -->\n<title>Wie zijn wij - Rugbyclub The Wild Rovers<\/title>\n<meta name=\"robots\" content=\"index, follow, max-snippet:-1, max-image-preview:large, max-video-preview:-1\" \/>\n<link rel=\"canonical\" href=\"https:\/\/www.wildrovers.nl\/index.php\/wie-zijn-wij\/\" \/>\n<meta property=\"og:locale\" content=\"nl_NL\" \/>\n<meta property=\"og:type\" content=\"article\" \/>\n<meta property=\"og:title\" content=\"Wie zijn wij - Rugbyclub The Wild Rovers\" \/>\n<meta property=\"og:description\" content=\"WIE ZIJN WIJ DRC The Wild Rovers is in 1983 opgericht en telt momenteel bijna 100 actief spelende leden. Daarnaast is er nog een groepje veteranen dat 1x per maand traint en af en toe een veteranenwedstrijd speelt. We spelen en trainen op Sportpark de Bezelhorst te Doetinchem, alwaar we de beschikking hebben over \u00e9\u00e9n speelveld, een mooi clubhuis (m\u00e9t overdekt terras aan de rand van het veld) en twee kleedkamers. Naast twee seniorenteams hebben we een volwaardige jeugdafdeling. De jeugd speelt in clusterteams met clubs uit de regio. Jongens en meiden vanaf 8 jaar zijn bij ons van harte welkom! Jeugd en senioren trainen op dinsdag- en donderdagavond. De touch rugbyers trainen op woensdagavond. Sportkaarthouders zijn van harte welkom bij de trainingen. Naast de trainingen en wedstrijden organiseert The Wild Rovers vele extra activiteiten zoals de Highland Games en de seizoensafsluiting. Jaarlijks staat een rugbytrip naar het buitenland op het programma. Een andere traditie is het weekendje Ameland in juni, hier wordt ieder jaar een groot beachrugbytoernooi georganiseerd. Ook hier gaan sportiviteit en gezelligheid hand in hand. Voor de jeugd staat onder meer het Hoek van Holland beachrugbytoernooi jaarlijks op de agenda. Onze clubkleuren zijn groen en geel. Alle....\" \/>\n<meta property=\"og:url\" content=\"https:\/\/www.wildrovers.nl\/index.php\/wie-zijn-wij\/\" \/>\n<meta property=\"og:site_name\" content=\"Rugbyclub The Wild Rovers\" \/>\n<meta property=\"article:modified_time\" content=\"2025-10-01T12:00:21+00:00\" \/>\n<meta name=\"twitter:card\" content=\"summary_large_image\" \/>\n<meta name=\"twitter:label1\" content=\"Geschatte leestijd\" \/>\n\t<meta name=\"twitter:data1\" content=\"2 minuten\" \/>\n<script type=\"application\/ld+json\" class=\"yoast-schema-graph\">{\"@context\":\"https:\/\/schema.org\",\"@graph\":[{\"@type\":\"WebPage\",\"@id\":\"https:\/\/www.wildrovers.nl\/index.php\/wie-zijn-wij\/\",\"url\":\"https:\/\/www.wildrovers.nl\/index.php\/wie-zijn-wij\/\",\"name\":\"Wie zijn wij - Rugbyclub The Wild Rovers\",\"isPartOf\":{\"@id\":\"https:\/\/www.wildrovers.nl\/#website\"},\"datePublished\":\"2016-03-11T20:09:40+00:00\",\"dateModified\":\"2025-10-01T12:00:21+00:00\",\"breadcrumb\":{\"@id\":\"https:\/\/www.wildrovers.nl\/index.php\/wie-zijn-wij\/#breadcrumb\"},\"inLanguage\":\"nl-NL\",\"potentialAction\":[{\"@type\":\"ReadAction\",\"target\":[\"https:\/\/www.wildrovers.nl\/index.php\/wie-zijn-wij\/\"]}]},{\"@type\":\"BreadcrumbList\",\"@id\":\"https:\/\/www.wildrovers.nl\/index.php\/wie-zijn-wij\/#breadcrumb\",\"itemListElement\":[{\"@type\":\"ListItem\",\"position\":1,\"name\":\"Home\",\"item\":\"https:\/\/www.wildrovers.nl\/\"},{\"@type\":\"ListItem\",\"position\":2,\"name\":\"Wie zijn wij\"}]},{\"@type\":\"WebSite\",\"@id\":\"https:\/\/www.wildrovers.nl\/#website\",\"url\":\"https:\/\/www.wildrovers.nl\/\",\"name\":\"Rugbyclub The Wild Rovers\",\"description\":\"Rugby in de Achterhoek sinds 1983!\",\"potentialAction\":[{\"@type\":\"SearchAction\",\"target\":{\"@type\":\"EntryPoint\",\"urlTemplate\":\"https:\/\/www.wildrovers.nl\/?s={search_term_string}\"},\"query-input\":\"required name=search_term_string\"}],\"inLanguage\":\"nl-NL\"}]}<\/script>\n<!-- \/ Yoast SEO plugin. -->","yoast_head_json":{"title":"Wie zijn wij - Rugbyclub The Wild Rovers","robots":{"index":"index","follow":"follow","max-snippet":"max-snippet:-1","max-image-preview":"max-image-preview:large","max-video-preview":"max-video-preview:-1"},"canonical":"https:\/\/www.wildrovers.nl\/index.php\/wie-zijn-wij\/","og_locale":"nl_NL","og_type":"article","og_title":"Wie zijn wij - Rugbyclub The Wild Rovers","og_description":"WIE ZIJN WIJ DRC The Wild Rovers is in 1983 opgericht en telt momenteel bijna 100 actief spelende leden. Daarnaast is er nog een groepje veteranen dat 1x per maand traint en af en toe een veteranenwedstrijd speelt. We spelen en trainen op Sportpark de Bezelhorst te Doetinchem, alwaar we de beschikking hebben over \u00e9\u00e9n speelveld, een mooi clubhuis (m\u00e9t overdekt terras aan de rand van het veld) en twee kleedkamers. Naast twee seniorenteams hebben we een volwaardige jeugdafdeling. De jeugd speelt in clusterteams met clubs uit de regio. Jongens en meiden vanaf 8 jaar zijn bij ons van harte welkom! Jeugd en senioren trainen op dinsdag- en donderdagavond. De touch rugbyers trainen op woensdagavond. Sportkaarthouders zijn van harte welkom bij de trainingen. Naast de trainingen en wedstrijden organiseert The Wild Rovers vele extra activiteiten zoals de Highland Games en de seizoensafsluiting. Jaarlijks staat een rugbytrip naar het buitenland op het programma. Een andere traditie is het weekendje Ameland in juni, hier wordt ieder jaar een groot beachrugbytoernooi georganiseerd. Ook hier gaan sportiviteit en gezelligheid hand in hand. Voor de jeugd staat onder meer het Hoek van Holland beachrugbytoernooi jaarlijks op de agenda. Onze clubkleuren zijn groen en geel. Alle....","og_url":"https:\/\/www.wildrovers.nl\/index.php\/wie-zijn-wij\/","og_site_name":"Rugbyclub The Wild Rovers","article_modified_time":"2025-10-01T12:00:21+00:00","twitter_card":"summary_large_image","twitter_misc":{"Geschatte leestijd":"2 minuten"},"schema":{"@context":"https:\/\/schema.org","@graph":[{"@type":"WebPage","@id":"https:\/\/www.wildrovers.nl\/index.php\/wie-zijn-wij\/","url":"https:\/\/www.wildrovers.nl\/index.php\/wie-zijn-wij\/","name":"Wie zijn wij - Rugbyclub The Wild Rovers","isPartOf":{"@id":"https:\/\/www.wildrovers.nl\/#website"},"datePublished":"2016-03-11T20:09:40+00:00","dateModified":"2025-10-01T12:00:21+00:00","breadcrumb":{"@id":"https:\/\/www.wildrovers.nl\/index.php\/wie-zijn-wij\/#breadcrumb"},"inLanguage":"nl-NL","potentialAction":[{"@type":"ReadAction","target":["https:\/\/www.wildrovers.nl\/index.php\/wie-zijn-wij\/"]}]},{"@type":"BreadcrumbList","@id":"https:\/\/www.wildrovers.nl\/index.php\/wie-zijn-wij\/#breadcrumb","itemListElement":[{"@type":"ListItem","position":1,"name":"Home","item":"https:\/\/www.wildrovers.nl\/"},{"@type":"ListItem","position":2,"name":"Wie zijn wij"}]},{"@type":"WebSite","@id":"https:\/\/www.wildrovers.nl\/#website","url":"https:\/\/www.wildrovers.nl\/","name":"Rugbyclub The Wild Rovers","description":"Rugby in de Achterhoek sinds 1983!","potentialAction":[{"@type":"SearchAction","target":{"@type":"EntryPoint","urlTemplate":"https:\/\/www.wildrovers.nl\/?s={search_term_string}"},"query-input":"required name=search_term_string"}],"inLanguage":"nl-NL"}]}},"_links":{"self":[{"href":"https:\/\/www.wildrovers.nl\/index.php\/wp-json\/wp\/v2\/pages\/1067"}],"collection":[{"href":"https:\/\/www.wildrovers.nl\/index.php\/wp-json\/wp\/v2\/pages"}],"about":[{"href":"https:\/\/www.wildrovers.nl\/index.php\/wp-json\/wp\/v2\/types\/page"}],"author":[{"embeddable":true,"href":"https:\/\/www.wildrovers.nl\/index.php\/wp-json\/wp\/v2\/users\/1"}],"replies":[{"embeddable":true,"href":"https:\/\/www.wildrovers.nl\/index.php\/wp-json\/wp\/v2\/comments?post=1067"}],"version-history":[{"count":9,"href":"https:\/\/www.wildrovers.nl\/index.php\/wp-json\/wp\/v2\/pages\/1067\/revisions"}],"predecessor-version":[{"id":4240,"href":"https:\/\/www.wildrovers.nl\/index.php\/wp-json\/wp\/v2\/pages\/1067\/revisions\/4240"}],"wp:attachment":[{"href":"https:\/\/www.wildrovers.nl\/index.php\/wp-json\/wp\/v2\/media?parent=1067"}],"curies":[{"name":"wp","href":"https:\/\/api.w.org\/{rel}","templated":true}]}}